
Calculate -12 + (13 - -13) - -12 - 2.
24
Calculate 9 + (-4 - (-5 - -8)) - 1.
1
Evaluate (-15 + 5 - (-1 + (-2 - 2))) + 0.
-5
Evaluate 2 - (9 - 2) - (4 - 0).
-9
9 + 13 - (34 + -40)
28
What is the value of -9 + -1 + -7 + 4 + (3 - -4)?
-6
-2 - -1 - -23 - (-7 + (4 - 1))
26
Evaluate 2 + -19 - (-6 - (0 - (-6 - -9))).
-14
What is 0 + -2 + -2 + 3 + (-743 - -749)?
5
What is (-8 - -15 - 4) + 0?
3
Evaluate 575 - 590 - (-1 - 16).
2
Calculate (-5 - -2) + 35 + -61.
-29
-8 - ((-6 - 16) + 3)
11
What is 4 - (16 - (8 - 6))?
-10
Evaluate (-23 - (-9 - 19)) + -13 + 1 - 7.
-14
7 - (-51 + 46 - (-12 - 0)) - 13
-13
What is 1 + 1 + (7 + -11 - (5 + -6))?
-1
What is 4 + 0 + -3 + -8 - -22?
15
Calculate -79 - -180 - 102 - (1 + -18).
16
7 + (-8 - -10) + -3 + 7 + -4
9
(18 - (5 + 9)) + 10 - (1 + 6)
7
Calculate -8 + -8 + 9 + (-10 - -19).
2
(1 - (0 + -3)) + 91 + -58
37
Calculate 12 + -36 - (-35 - 6).
17
What is the value of -1 + (-7 + 19 + -6 - (-1 - -11))?
-5
-16 - (-19 + (36 - 12))
-21
Calculate -2 + 2 - (389 + -402).
13
Evaluate -3 + 8 + (-1 + -3 - 2).
-1
14 + 19 - 30 - 0
3
What is (19 - (-5 + 15)) + -6?
3
Evaluate (5 - (-5 - -16)) + 10.
4
Evaluate -5 + 32 + 6 + (1 - 8).
26
(4 - 2 - (-2 - -3)) + 4
5
Evaluate -9 + -17 + -4 + 31 - -15.
16
Evaluate 14 - 21 - 8 - -13.
-2
What is 10 - (6 + 0 + (52 - 55))?
7
Calculate -12 + 16 + -17 - -28.
15
What is -21 + 18 + 13 + 5?
15
Calculate 6 + 19 + (13 - (14 + -7 + -4)).
35
What is the value of 3 - (-2 + -5 + (-7 - (-4 + -16)))?
-3
What is the value of (1 - (2 + -7)) + (-2 + -1 - 2)?
1
What is the value of 31 - (-2 + 13 + -10 + 9)?
21
-632 + 619 + (-1 - -17)
3
Calculate (65 - 60 - (2 - -6)) + -8.
-11
Evaluate (85 - 39) + (6 - 62).
-10
What is (0 - -2) + 29 - (1 + 13)?
17
Evaluate (62 + 20 - 17) + -34.
31
(-2 - 1) + 12 + -18 - -8
-1
-5 + 20 - (-19 + 48 + -27)
13
(-3 - -6) + -7 - (-24 + 19)
1
What is 0 - (-1 - -20 - (-7 + 41))?
15
Evaluate (-16 - -20) + -3 + -18.
-17
(22 - 13 - (-3 + 2)) + 0 + 3
13
(-17 - -17) + (6 - 0) - 9
-3
Evaluate 4 + (18 - (9 + 8)) + (29 - 3).
31
What is the value of 11 + -4 - -10 - 14?
3
Calculate 7 + -14 + 8 + (3 - -2).
6
What is (-12 - (-2 + 11 + -23)) + -17?
-15
Evaluate 2 - 0 - ((3 - 11) + 12) - -12.
10
What is 4 + -7 + (-9 - (-34 + 17))?
5
-6 + (-5 - (-3 - -2) - -4) + 20
14
What is the value of (21 - 5) + -33 + 36?
19
What is the value of 1 - (-304 + 305 - (2 + -14 - 1))?
-13
Evaluate -19 - (-1 + -20 + 10).
-8
Evaluate -5 + 19 - (-43 - -56).
1
What is the value of 35 + -34 + (4 - 0)?
5
-5 - -5 - (16 + 2 + -3 + -2)
-13
What is (-19 - (-4 - 26)) + 17?
28
Calculate -15 + (-4 - -11) + 9 + -4.
-3
What is -7 - ((-4 - (1 + 19)) + 5) - 2?
10
Calculate -2 - (4 + 20 + (-16 - 8)).
-2
What is (-24 - -13) + (6 - (34 - 2)) - -5?
-32
Evaluate 2 + -4 - 6 - (-2584 + 2578).
-2
Calculate 45 + -45 - (-1 - -2).
-1
What is 4 + -19 - (2 - (-8 - (-18 + 8)))?
-15
(13 - (3 + 14)) + 28 - (1 - -8)
15
What is the value of 13 + (9 - -5 - 8) + 0?
19
What is (5 - -7) + -3 + 10 + -14?
5
Calculate (120 - 105) + (-11 - -1).
5
What is the value of 18 - (28 + 34 + -68)?
24
What is the value of 4 - 4 - -8 - (63 - 65) - -15?
25
What is the value of 178 - 200 - (3 - 32)?
7
Evaluate -15 - -1 - (-27 + 0) - (-10 - -1).
22
What is the value of -16 + (-20 - -21 - -5)?
-10
What is (-9 - -3) + -1 + -32 + (-21 - -40)?
-20
-4 + 4 - (11 + -5)
-6
2 + (9 + -7 + 0 + 2 - 2)
4
Calculate -3 + 5 - (16 + 5) - (-10 - -1).
-10
0 + 2 + 10 + -15
-3
Evaluate -119 - -76 - -30 - (-1 + 15).
-27
Calculate 5 + -4 + -6 + -21 + 11.
-15
39 + -27 - (7 + -3 + -10)
18
Calculate -9 + 3 + 2 - (41 - 47).
2
Evaluate -5 + (14 - 16) - (2 - -1).
-10
Evaluate -2 - (-14 - (-19 - 3)).
-10
-15 - ((38 - 22) + -43)
12
What is the value of (15 - 8) + (-38 - -30)?
-1
Evaluate -3 + 11 + -11 + -9 + 10.
-2
-9 - (1 + 1 + (-5 - 32))
26
Calculate (5 - -9 - 13) + (-2 - -1) - -10.
10
Calculate 6 - (-1 + 11) - (-1 - -13).
-16
Evaluate 3 + -10 + -5 - (-119 + 110).
-3
What is -21 + 2 + 10 + 25?
16
What is -4 + 1 - (13 + -11 + -6 - -10)?
-9
Evaluate 9 - ((-2 - 9) + (64 - 42)).
-2
What is 28 + -1 - (67 - 60)?
20
-8 - ((7 - (5 - -1)) + 12)
-21
Calculate (-36 - (-54 + 23)) + -11.
-16
14 - (14 + 66 + -44)
-22
Evaluate (13 - (-26 + 48)) + -16.
-25
Evaluate 0 - (-2 + 0 + 13 + -1 + -11).
1
What is the value of 0 - -9 - ((6 - (9 + -13)) + -6)?
5
-17 - 17 - (97 - 111)
-20
Calculate (-8 - (0 + -14)) + -5 + -4 + 26.
23
What is the value of 7 - (0 - 5 - (17 - 34 - -24))?
19
What is -4 + -10 + (-12 + 29 - 9)?
-6
What is the value of (2 - -1) + (1 - 7) + (4 - -1)?
2
Calculate (17 + -7 - -3) + 0 + 0.
13
Evaluate (-8 - (29 + -25)) + 3.
-9
Evaluate 8 - (-2 + 4 + 8 - 17 - 0).
15
What is the value of 2 + -2 + 0 + -12?
-12
What is 6 - -7 - 8 - (5 + 1)?
-1
What is the value of (-10 - (-3 + -1)) + 2 - (-49 - -44)?
1
Calculate -4 - (-21 - (3 + -7)) - (-3 + -2).
18
Calculate (-1 + -4 - -1) + (-2 - (-11 - 0)).
5
What is 1 - -28 - ((8 - -4) + (-10 - -8))?
19
Calculate -17 + 29 + -5 + 5 + -3 + -5.
4
Calculate 0 + -3 - (12 + 1 + (-99 - -93)).
-10
Evaluate -4 - ((28 - 38) + (-2 - -16)).
-8
Calculate -21 + (-7 - (16 + -32)) - -49.
37
Calculate -46 + 13 + 7 + 25.
-1
Calculate (-5 - -30) + (-23 - -1) + -5 + 1.
-1
-10 - (8 - -22 - 26)
-14
Evaluate 9 - (-11 - (-2 + 4) - -24).
-2
What is 20 - (42 - (40 + -21))?
-3
Calculate (-1 - (4 + (-13 - (14 + -7)))) + -6.
9
Calculate 2 + -8 + 5 + -8 + 18.
9
What is the value of 5 + -17 - (-11 - (30 - 21))?
8
-8 + 2 - (-12 - (-14 + 0)) - 16
-24
What is -8 + (-12 + 6 - (-1 + -3))?
-10
Evaluate -15 - (-12 - (13 - 14)).
-4
6 - ((5 - (-23 + -3)) + -7 + 3)
-21
Calculate 3 - -1 - ((12 - -27) + -28).
-7
What is 20 + (16 - (18 + 9))?
9
Calculate 10 + -1 - (-70 - (-3 - 67)).
9
What is the value of (8 - 8) + (23 - 15)?
8
Evaluate -17 - (6 - (20 + -4 - 7)).
-14
Calculate -15 + -8 - (-1 + 0 - 8).
-14
-56 + -5 + -7 + 34
-34
Calculate 2 + (-14 + 0 - 5 - 2).
-19
-17 - (7 + 47 + -35)
-36
Evaluate 2 + (14 - -4) + -5.
15
Calculate -4 + (-14 - -23) + 13 - (4 - 0).
14
Calculate (-4 + 6 - 17) + -5 + 10.
-10
Evaluate 7 - (-5 - -7) - -6.
11
What is the value of 1 + -10 + (7 - 8)?
-10
Evaluate (-13 + (5 - -5) - -3) + 4.
4
Evaluate 5 + (0 - 12) + (287 - 284).
-4
Evaluate (-2 - 1 - (-15 - (-9 + -2))) + 5.
6
Evaluate -7 + -1 - (16 - (3 + -17) - 10).
-28
What is -9 + -13 + 18 + 3 + -3 + -1?
-5
Evaluate 0 + (-5 + (1 - -9) - (1 - -4)).
0
What is the value of 21 + (9 - 1) + (-77 - -68)?
20
5 - (-6 + 1 - (-5 - -4))
9
((-1 - 16) + 37 - (-2 - -10)) + -3
9
Evaluate 6 + -33 + (17 - 0).
-10
What is (7 - 0 - -4) + -10 - (-1 - -7)?
-5
What is -6 + (-10 - -6) + 10?
0
What is the value of 22 - ((-55 - -44) + 1 + 6)?
26
What is the value of (29 - 43) + 33 - (-5 - -1)?
23
Evaluate (8 + -6 - -9) + 7 + 4.
22
What is the value of -35 - (35 - 63 - 9)?
2
What is the value of (24 - -7) + -56 - 3?
-28
Calculate -15 - (-15 - (18 + 0 - 10)).
8
What is -1 + 1 + -16 - (-10685 - -10681)?
-12
What is the value of -12 + 1 + 1 + (15 - (1 + 10))?
-6
What is 2 + 2 - (32 - 33) - 6?
-1
What is 1 + -3 - (3 - (0 - 0 - -12))?
7
Calculate 4 + 1 + -2 + (4 - (-5 + 5)).
7
What is the value of 12 - (23 + (-23 - -29))?
-17
What is 0 - (0 - 0) - (7064 + -7052)?
-12
What is 41 + -45 - (-20 + (3 - -1))?
12
Evaluate (-4 - (5 - 8)) + -13 + 11 + -2.
-5
What is the value of 16 + -25 + 4 + -15 + 22?
2
Evaluate -9 + 4 + -1 + 1.
-5
Calculate -5 + -17 - (-24 - 25).
27
What is -8 - ((-32 - (2 - 0)) + (-9 - -17))?
18
Calculate 18 + (4 - 2 - 9).
11
Calculate (-1 - -26 - 11) + 0 + -22.
-8
Calculate 4 + -2 - (119 + -101).
-16
Calculate 22 + (-175 + 171 - (1 + 1 + 0)).
16
(10 - -11) + -20 + -7
-6
Calculate (18 - (-11 - (-16 + 2))) + -1 + 2.
16
What is -6 + 2 + -11 + 1 + -15?
-29
What is -13 + -1 + -1 - -14?
-1
What is the value of (-8 - -9) + (-4 - (3 + 10))?
-16
Calculate 56 + (-4 - (12 + 5)).
35
Evaluate -5 - (-3 - (4 + -3)).
-1
-1 - -28 - (-19 + 19 + 5 + 4)
18
(-12 - -11 - -13) + -12
0
Calculate (-2 - -10) + -4 + (-55 - -55).
4
Calculate 57 - (37 + -42 + 42).
20
What is 7 + -13 + 0 + 3?
-3
What is -5 + 12 - (17 + (-11 - (1 - 9)))?
-7
Calculate 8 + -23 + 15 + (0 - 20).
-20
What is the value of 3 + 18 + (-1 - (28 - 29))?
21
(4 - -27) + 9 + -5 + -15
20
What is 8 - (2 - (1 + 2 + -6 + 19))?
22
-13 - (8 - 7 - 1)
-13
Evaluate -8 + (33 - (20 - 14)).
19
1 + (-4 - 11) + (2 - 0) - 2
-14
Calculate 